126.127.166.209 - - [15/Oct/2010:00:08:28 +0900] "GET /shop/syousai/nama.html HTTP/1.1" 200 24209 "http://hb.afl.rakuten.co.jp/hsc/0cc3004c.4aa06b4d.0cc3004b.1e9fabd1/" "Mozilla/4.0 (compatible; MSIE 7.0; Windows NT 5.1)"
1.104.22.184 - - [15/Oct/2010:00:13:40 +0900] "GET /shop/image/sod.jpg HTTP/1.1" 200 56160 "-" "Bing/1.3.0 CFNetwork/485.10.2 Darwin/10.3.1"
207.46.204.194 - - [15/Oct/2010:00:17:26 +0900] "GET /formzc/shop2/fit.html HTTP/1.1" 404 227 "-" "msnbot/2.0b (+http://search.msn.com/msnbot.htm)"
122.130.59.127 - - [15/Oct/2010:00:21:18 +0900] "GET /shop/have.html HTTP/1.0" 200 20923 "-" "-"
211.120.234.171 - - [15/Oct/2010:00:27:12 +0900] "GET /shop/image/papa.gif HTTP/1.1" 200 24082 "http://www.google.co.jp/imglanding?q=%E3%83%91%E3%83%91%E3%82%A4%E3%83%A4%E3%81%AE%E6%A0%B9&imgurl=http://ao-papaya.up.seesaa.net/image/P1014736.JPG&imgrefurl=http://ao-papaya.seesaa.net/&usg=__ypyhML_DHEXrhId68aip8_pj0DM=&h=1984&w=1488&sz=583&hl=ja&zoom=1&tbnid=udRvxw_5paN9SM:&tbnh=150&tbnw=113&prev=/images%3Fq%3D%25E3%2583%2591%25E3%2583%2591%25E3%2582%25A4%25E3%2583%25A4%25E3%2581%25AE%25E6%25A0%25B9%26um%3D1%26hl%3Dja%26lr%3D%26sa%3DN%26tbs%3Disch:1&um=1&itbs=1&um=1&lr=&sa=N&tbs=isch:1&start=13" "Mozilla/4.0 (compatible; MSIE 6.0; Windows NT 5.0; .NET CLR 1.1.4322; .NET CLR 2.0.50727; InfoPath.1)"
67.195.113.242 - - [15/Oct/2010:00:54:16 +0900] "GET /mail/mail.html HTTP/1.0" 404 208 "-" "Mozilla/5.0 (compatible; Yahoo! Slurp/3.0; http://help.yahoo.com/help/us/ysearch/slurp)"
207.46.204.236 - - [15/Oct/2010:00:57:51 +0900] "GET /robots.txt HTTP/1.1" 404 216 "-" "msnbot/2.0b (+http://search.msn.com/msnbot.htm)"
69.58.178.31 - - [15/Oct/2010:01:00:39 +0900] "GET /robots.txt HTTP/1.1" 404 216 "-" "Mozilla/5.0 (X11; U; Linux i686; en-US; rv:1.9.1.3; ips-agent) Gecko/20090824 Fedora/1.0.7-1.1.fc4 Firefox/3.5.3"
69.58.178.31 - - [15/Oct/2010:01:00:40 +0900] "GET / HTTP/1.1" 200 23234 "-" "Mozilla/5.0 (X11; U; Linux i686; en-US; rv:1.9.1.3; ips-agent) Gecko/20090824 Fedora/1.0.7-1.1.fc4 Firefox/3.5.3"
69.58.178.31 - - [15/Oct/2010:01:00:41 +0900] "GET /link.html HTTP/1.1" 200 20953 "-" "Mozilla/5.0 (X11; U; Linux i686; en-US; rv:1.9.1.3; ips-agent) Gecko/20090824 Fedora/1.0.7-1.1.fc4 Firefox/3.5.3"
69.58.178.31 - - [15/Oct/2010:01:00:43 +0900] "GET /formzc/form.html HTTP/1.1" 200 17933 "-" "Mozilla/5.0 (X11; U; Linux i686; en-US; rv:1.9.1.3; ips-agent) Gecko/20090824 Fedora/1.0.7-1.1.fc4 Firefox/3.5.3"
69.58.178.31 - - [15/Oct/2010:01:00:44 +0900] "GET /shop2/gerugeru.html HTTP/1.1" 200 37204 "-" "Mozilla/5.0 (X11; U; Linux i686; en-US; rv:1.9.1.3; ips-agent) Gecko/20090824 Fedora/1.0.7-1.1.fc4 Firefox/3.5.3"
69.58.178.31 - - [15/Oct/2010:01:00:45 +0900] "GET /shop2/fit.html HTTP/1.1" 404 220 "-" "Mozilla/5.0 (X11; U; Linux i686; en-US; rv:1.9.1.3; ips-agent) Gecko/20090824 Fedora/1.0.7-1.1.fc4 Firefox/3.5.3"
69.58.178.31 - - [15/Oct/2010:01:00:46 +0900] "GET /index.html HTTP/1.1" 200 23234 "-" "Mozilla/5.0 (X11; U; Linux i686; en-US; rv:1.9.1.3; ips-agent) Gecko/20090824 Fedora/1.0.7-1.1.fc4 Firefox/3.5.3"
69.58.178.31 - - [15/Oct/2010:01:00:48 +0900] "GET /kaisya.html HTTP/1.1" 200 15844 "-" "Mozilla/5.0 (X11; U; Linux i686; en-US; rv:1.9.1.3; ips-agent) Gecko/20090824 Fedora/1.0.7-1.1.fc4 Firefox/3.5.3"
69.58.178.31 - - [15/Oct/2010:01:00:49 +0900] "GET /kiyaku.html HTTP/1.1" 200 18011 "-" "Mozilla/5.0 (X11; U; Linux i686; en-US; rv:1.9.1.3; ips-agent) Gecko/20090824 Fedora/1.0.7-1.1.fc4 Firefox/3.5.3"
69.58.178.31 - - [15/Oct/2010:01:00:51 +0900] "GET /shop2/adro.html HTTP/1.1" 200 41338 "-" "Mozilla/5.0 (X11; U; Linux i686; en-US; rv:1.9.1.3; ips-agent) Gecko/20090824 Fedora/1.0.7-1.1.fc4 Firefox/3.5.3"
69.58.178.31 - - [15/Oct/2010:01:00:52 +0900] "GET /shop2/aqua.html HTTP/1.1" 200 51925 "-" "Mozilla/5.0 (X11; U; Linux i686; en-US; rv:1.9.1.3; ips-agent) Gecko/20090824 Fedora/1.0.7-1.1.fc4 Firefox/3.5.3"
69.58.178.31 - - [15/Oct/2010:01:00:53 +0900] "GET /shop2/bioselum.html HTTP/1.1" 200 17844 "-" "Mozilla/5.0 (X11; U; Linux i686; en-US; rv:1.9.1.3; ips-agent) Gecko/20090824 Fedora/1.0.7-1.1.fc4 Firefox/3.5.3"
74.125.74.131 - - [15/Oct/2010:01:04:18 +0900] "GET /cgi-actyjapan33/wwwcount.cgi?hide+xxx.gif+name+wwwcount2 HTTP/1.1" 404 234 "http://actyjapan33.com/shop/syousai/sol.html" "Mozilla/5.0 (en-us) AppleWebKit/525.13 (KHTML, like Gecko; Google Wireless Transcoder) Version/3.1 Safari/525.13"
74.125.74.131 - - [15/Oct/2010:01:04:18 +0900] "GET /access_k/loging.cgi?Site=actylog&Contents=sol HTTP/1.1" 404 225 "http://actyjapan33.com/shop/syousai/sol.html" "Mozilla/5.0 (en-us) AppleWebKit/525.13 (KHTML, like Gecko; Google Wireless Transcoder) Version/3.1 Safari/525.13"
74.125.74.131 - - [15/Oct/2010:01:04:18 +0900] "GET /shop/image/hagan.jpg HTTP/1.1" 200 12092 "http://actyjapan33.com/shop/syousai/sol.html" "Mozilla/5.0 (en-us) AppleWebKit/525.13 (KHTML, like Gecko; Google Wireless Transcoder) Version/3.1 Safari/525.13"
207.46.204.194 - - [15/Oct/2010:01:07:29 +0900] "GET /shop/syousai/kyoumeisui.html HTTP/1.1" 304 - "-" "msnbot/2.0b (+http://search.msn.com/msnbot.htm)"
207.46.204.236 - - [15/Oct/2010:01:08:18 +0900] "GET /shop2/fit.html HTTP/1.1" 404 220 "-" "msnbot/2.0b (+http://search.msn.com/msnbot.htm)"
220.220.142.154 - - [15/Oct/2010:01:11:34 +0900] "GET /colom/gaisyo.html HTTP/1.1" 200 16257 "http://www.bing.com/search?q=%E3%83%A9%E3%83%B3%E3%83%81%E3%80%80%E5%A4%96%E9%A3%9F%E3%80%80%E3%83%80%E3%82%A4%E3%82%A8%E3%83%83%E3%83%88&FORM=MSNH69" "Mozilla/4.0 (compatible; MSIE 8.0; Windows NT 5.1; Trident/4.0)"
220.220.142.154 - - [15/Oct/2010:01:11:34 +0900] "GET /image/bitokenkou.gif HTTP/1.1" 200 6548 "http://www.actyjapan33.com/colom/gaisyo.html" "Mozilla/4.0 (compatible; MSIE 8.0; Windows NT 5.1; Trident/4.0)"
220.220.142.154 - - [15/Oct/2010:01:11:34 +0900] "GET /access_k/loging.cgi?Site=actylog&Contents=column3 HTTP/1.1" 404 225 "http://www.actyjapan33.com/colom/gaisyo.html" "Mozilla/4.0 (compatible; MSIE 8.0; Windows NT 5.1; Trident/4.0)"
220.220.142.154 - - [15/Oct/2010:01:11:34 +0900] "GET /cgi-actyjapan33/wwwcount.cgi?hide+xxx.gif+name+wwwcount2 HTTP/1.1" 404 234 "http://www.actyjapan33.com/colom/gaisyo.html" "Mozilla/4.0 (compatible; MSIE 8.0; Windows NT 5.1; Trident/4.0)"
220.220.142.154 - - [15/Oct/2010:01:11:34 +0900] "GET /cgi-bin/anlog/logset.cgi?%94%fc%82%c6%8c%92%8dN%82%c6%94g%93%ae%82%cc%83R%83%89%83%80%81i%89%d4%95%b2%8f%c7%81j,http://www.actyjapan33.com/colom/gaisyo.html,http://www.bing.com/search?q=%E3%83%A9%E3%83%B3%E3%83%81%E3%80%80%E5%A4%96%E9%A3%9F%E3%80%80%E3%83%80%E3%82%A4%E3%82%A8%E3%83%83%E3%83%88&FORM=MSNH69 HTTP/1.1" 404 230 "http://www.actyjapan33.com/colom/gaisyo.html" "Mozilla/4.0 (compatible; MSIE 8.0; Windows NT 5.1; Trident/4.0)"
220.220.142.154 - - [15/Oct/2010:01:11:35 +0900] "GET /favicon.ico HTTP/1.1" 404 217 "-" "Mozilla/4.0 (compatible; MSIE 8.0; Windows NT 5.1; Trident/4.0)"
66.249.67.111 - - [15/Oct/2010:01:13:04 +0900] "GET /robots.txt HTTP/1.1" 404 216 "-" "Googlebot-Image/1.0"
66.249.67.111 - - [15/Oct/2010:01:13:04 +0900] "GET /shop2/image/na2.jpg HTTP/1.1" 304 - "-" "Googlebot-Image/1.0"
74.125.74.131 - - [15/Oct/2010:01:29:06 +0900] "GET /colom/gaisyo.html HTTP/1.1" 200 16257 "-" "Mozilla/5.0 (en-us) AppleWebKit/525.13 (KHTML, like Gecko; Google Wireless Transcoder) Version/3.1 Safari/525.13"
74.125.74.131 - - [15/Oct/2010:01:29:06 +0900] "GET /image/bitokenkou.gif HTTP/1.1" 200 6548 "http://www.actyjapan33.com/colom/gaisyo.html" "Mozilla/5.0 (en-us) AppleWebKit/525.13 (KHTML, like Gecko; Google Wireless Transcoder) Version/3.1 Safari/525.13"
74.125.74.131 - - [15/Oct/2010:01:29:07 +0900] "GET /cgi-actyjapan33/wwwcount.cgi?hide+xxx.gif+name+wwwcount2 HTTP/1.1" 404 234 "http://www.actyjapan33.com/colom/gaisyo.html" "Mozilla/5.0 (en-us) AppleWebKit/525.13 (KHTML, like Gecko; Google Wireless Transcoder) Version/3.1 Safari/525.13"
74.125.74.131 - - [15/Oct/2010:01:29:07 +0900] "GET /access_k/loging.cgi?Site=actylog&Contents=column3 HTTP/1.1" 404 225 "http://www.actyjapan33.com/colom/gaisyo.html" "Mozilla/5.0 (en-us) AppleWebKit/525.13 (KHTML, like Gecko; Google Wireless Transcoder) Version/3.1 Safari/525.13"
92.243.84.23 - - [15/Oct/2010:01:36:53 +0900] "GET /news/plugins/spaw/spacer.gif HTTP/1.0" 404 222 "-" "Mozilla/4.0 (compatible; MSIE 6.0; Windows NT 5.1)"
58.3.114.172 - - [15/Oct/2010:02:05:19 +0900] "GET / HTTP/1.1" 200 12508 "http://actyjapan33.com/" "Website Explorer/0.9.9.9"
125.252.88.26 - - [15/Oct/2010:02:09:26 +0900] "GET /shop/syousai/papaiya.html HTTP/1.1" 200 18080 "-" "Mozilla/4.0 (compatible; MSIE 6.0; Windows NT 5.1; SV1; .NET CLR 1.0.3705; .NET CLR 1.1.4322; .NET CLR 2.0.50727)"
208.115.111.243 - - [15/Oct/2010:02:28:11 +0900] "GET /robots.txt HTTP/1.1" 404 216 "-" "Mozilla/5.0 (compatible; DotBot/1.1; http://www.dotnetdotcom.org/, crawler@dotnetdotcom.org)"
67.195.113.242 - - [15/Oct/2010:02:30:01 +0900] "GET /sample.html HTTP/1.0" 200 3836 "-" "Mozilla/5.0 (compatible; Yahoo! Slurp/3.0; http://help.yahoo.com/help/us/ysearch/slurp)"
67.195.113.242 - - [15/Oct/2010:02:31:15 +0900] "GET /colom/oha.html HTTP/1.0" 200 17094 "-" "Mozilla/5.0 (compatible; Yahoo! Slurp/3.0; http://help.yahoo.com/help/us/ysearch/slurp)"
208.115.111.243 - - [15/Oct/2010:02:36:04 +0900] "GET /shop/index.html HTTP/1.1" 200 42724 "-" "Mozilla/5.0 (compatible; DotBot/1.1; http://www.dotnetdotcom.org/, crawler@dotnetdotcom.org)"
208.115.111.243 - - [15/Oct/2010:02:36:09 +0900] "GET /shop/syousai/kyoumeisui.html HTTP/1.1" 200 15813 "-" "Mozilla/5.0 (compatible; DotBot/1.1; http://www.dotnetdotcom.org/, crawler@dotnetdotcom.org)"
208.115.111.243 - - [15/Oct/2010:02:36:13 +0900] "GET /shop/syousai/mirs.html HTTP/1.1" 200 15070 "-" "Mozilla/5.0 (compatible; DotBot/1.1; http://www.dotnetdotcom.org/, crawler@dotnetdotcom.org)"
208.115.111.243 - - [15/Oct/2010:02:36:18 +0900] "GET /shop/syousai/sol.html HTTP/1.1" 200 15331 "-" "Mozilla/5.0 (compatible; DotBot/1.1; http://www.dotnetdotcom.org/, crawler@dotnetdotcom.org)"
208.115.111.243 - - [15/Oct/2010:02:36:23 +0900] "GET /shop/syousai/arer.html HTTP/1.1" 200 20741 "-" "Mozilla/5.0 (compatible; DotBot/1.1; http://www.dotnetdotcom.org/, crawler@dotnetdotcom.org)"
208.115.111.243 - - [15/Oct/2010:02:36:28 +0900] "GET /shop/syousai/aroma.html HTTP/1.1" 200 16303 "-" "Mozilla/5.0 (compatible; DotBot/1.1; http://www.dotnetdotcom.org/, crawler@dotnetdotcom.org)"
208.115.111.243 - - [15/Oct/2010:02:36:33 +0900] "GET /shop/syousai/kard.html HTTP/1.1" 200 15197 "-" "Mozilla/5.0 (compatible; DotBot/1.1; http://www.dotnetdotcom.org/, crawler@dotnetdotcom.org)"
208.115.111.243 - - [15/Oct/2010:02:36:38 +0900] "GET /shop/syousai/maka.html HTTP/1.1" 200 12454 "-" "Mozilla/5.0 (compatible; DotBot/1.1; http://www.dotnetdotcom.org/, crawler@dotnetdotcom.org)"
208.115.111.243 - - [15/Oct/2010:02:36:43 +0900] "GET /shop/syousai/mesima.html HTTP/1.1" 200 12028 "-" "Mozilla/5.0 (compatible; DotBot/1.1; http://www.dotnetdotcom.org/, crawler@dotnetdotcom.org)"
208.115.111.243 - - [15/Oct/2010:02:36:48 +0900] "GET /shop/syousai/papaiya.html HTTP/1.1" 200 18080 "-" "Mozilla/5.0 (compatible; DotBot/1.1; http://www.dotnetdotcom.org/, crawler@dotnetdotcom.org)"
124.115.6.17 - - [15/Oct/2010:02:42:36 +0900] "GET /robots.txt HTTP/1.1" 404 216 "-" "Sosospider+(+http://help.soso.com/webspider.htm)"
66.249.67.111 - - [15/Oct/2010:02:53:41 +0900] "GET /shop2/senbody.html HTTP/1.1" 304 - "-" "Mozilla/5.0 (compatible; Googlebot/2.1; +http://www.google.com/bot.html)"
208.80.194.35 - - [15/Oct/2010:03:20:03 +0900] "GET / HTTP/1.0" 200 23234 "-" "Mozilla/4.0 (compatible; MSIE 7.0; Windows NT 5.1; .NET CLR 1.0.3705; .NET CLR 1.1.4322; Media Center PC 4.0; .NET CLR 2.0.50727; yplus 5.6.04b)"
208.80.194.35 - - [15/Oct/2010:03:20:03 +0900] "GET / HTTP/1.0" 200 23234 "-" "Mozilla/4.0 (compatible; MSIE 6.0; Windows NT 5.1; {71A700CC-D678-6481-704C-A7F934D6E2AB}; FunWebProducts)"
67.195.113.242 - - [15/Oct/2010:03:51:17 +0900] "GET /robots.txt HTTP/1.0" 404 204 "-" "Mozilla/5.0 (compatible; Yahoo! Slurp; http://help.yahoo.com/help/us/ysearch/slurp)"
67.195.113.242 - - [15/Oct/2010:03:51:18 +0900] "GET /formzc/shop2/adro.html HTTP/1.0" 404 216 "-" "Mozilla/5.0 (compatible; Yahoo! Slurp/3.0; http://help.yahoo.com/help/us/ysearch/slurp)"
66.249.67.111 - - [15/Oct/2010:03:54:53 +0900] "GET /shop2/image/senbody1.jpg HTTP/1.1" 200 27637 "-" "Mozilla/5.0 (compatible; Googlebot/2.1; +http://www.google.com/bot.html)"
207.46.13.134 - - [15/Oct/2010:04:09:36 +0900] "GET /robots.txt HTTP/1.1" 404 216 "-" "Mozilla/5.0 (compatible; bingbot/2.0; +http://www.bing.com/bingbot.htm)"
207.46.13.134 - - [15/Oct/2010:04:11:48 +0900] "GET /shop/syousai/arer.html HTTP/1.1" 304 - "-" "Mozilla/5.0 (compatible; bingbot/2.0; +http://www.bing.com/bingbot.htm)"
67.195.113.242 - - [15/Oct/2010:04:12:17 +0900] "GET /colom/atapi.html HTTP/1.0" 200 23164 "-" "Mozilla/5.0 (compatible; Yahoo! Slurp/3.0; http://help.yahoo.com/help/us/ysearch/slurp)"
207.46.199.42 - - [15/Oct/2010:04:24:37 +0900] "GET /robots.txt HTTP/1.1" 404 216 "-" "Mozilla/5.0 (compatible; bingbot/2.0; +http://www.bing.com/bingbot.htm)"
114.80.93.71 - - [15/Oct/2010:04:27:28 +0900] "GET / HTTP/1.1" 200 23234 "-" "Mozilla/4.0 (compatible; MSIE 6.0; Windows NT 5.1)"
114.80.93.71 - - [15/Oct/2010:04:27:39 +0900] "GET /hpb9tm05_2.css HTTP/1.1" 200 13304 "http://actyjapan33.com/" "Mozilla/4.0 (compatible; MSIE 6.0; Windows NT 5.1)"
67.195.113.242 - - [15/Oct/2010:04:27:49 +0900] "GET /dairiten.html HTTP/1.0" 200 15400 "-" "Mozilla/5.0 (compatible; Yahoo! Slurp/3.0; http://help.yahoo.com/help/us/ysearch/slurp)"
67.195.113.242 - - [15/Oct/2010:04:27:50 +0900] "GET /hpb9tm05_2.css HTTP/1.0" 200 13304 "http://actyjapan33.com/dairiten.html" "Mozilla/5.0 (compatible; Yahoo! Slurp/3.0; http://help.yahoo.com/help/us/ysearch/slurp)"
110.232.31.217 - - [15/Oct/2010:04:30:16 +0900] "GET /shop/syousai/ibiking.html HTTP/1.1" 200 17721 "http://blog.3016.jp/user/hanabi/17849" "Mozilla/4.0 (compatible; MSIE 7.0; Windows NT 5.1)"
207.46.13.134 - - [15/Oct/2010:04:38:44 +0900] "GET /robots.txt HTTP/1.1" 404 216 "-" "Mozilla/5.0 (compatible; bingbot/2.0; +http://www.bing.com/bingbot.htm)"
207.46.13.134 - - [15/Oct/2010:04:43:12 +0900] "GET /shop/syousai/arer.html HTTP/1.1" 304 - "-" "Mozilla/5.0 (compatible; bingbot/2.0; +http://www.bing.com/bingbot.htm)"
207.46.199.42 - - [15/Oct/2010:04:45:09 +0900] "GET /robots.txt HTTP/1.1" 404 216 "-" "Mozilla/5.0 (compatible; bingbot/2.0; +http://www.bing.com/bingbot.htm)"
207.46.199.42 - - [15/Oct/2010:04:46:07 +0900] "GET /shop2/gerugeru.html HTTP/1.1" 200 37204 "-" "msnbot/2.0b (+http://search.msn.com/msnbot.htm)"
207.46.13.47 - - [15/Oct/2010:04:47:13 +0900] "GET /shop/syousai/chiku.html HTTP/1.1" 304 - "-" "Mozilla/5.0 (compatible; bingbot/2.0; +http://www.bing.com/bingbot.htm)"
118.21.45.222 - - [15/Oct/2010:04:57:48 +0900] "GET /shop/syousai/ibiking.html HTTP/1.1" 200 17721 "http://www.tokeiyasan.com/" "Mozilla/4.0 (compatible; MSIE 7.0; Windows NT 5.1)"
67.195.113.242 - - [15/Oct/2010:05:17:46 +0900] "GET /nom14.html HTTP/1.0" 200 5858 "-" "Mozilla/5.0 (compatible; Yahoo! Slurp/3.0; http://help.yahoo.com/help/us/ysearch/slurp)"
118.2.56.4 - - [15/Oct/2010:05:23:05 +0900] "GET / HTTP/1.1" 200 17956 "http://actyjapan33.com/" "Website Explorer/0.9.9.9"
67.195.113.242 - - [15/Oct/2010:05:32:30 +0900] "GET /shop2/sen.html HTTP/1.0" 200 18744 "-" "Mozilla/5.0 (compatible; Yahoo! Slurp/3.0; http://help.yahoo.com/help/us/ysearch/slurp)"
67.195.113.242 - - [15/Oct/2010:05:32:30 +0900] "GET /shop2/hpb9tm05_2.css HTTP/1.0" 200 13276 "http://actyjapan33.com/shop2/sen.html" "Mozilla/5.0 (compatible; Yahoo! Slurp/3.0; http://help.yahoo.com/help/us/ysearch/slurp)"
207.46.204.182 - - [15/Oct/2010:05:44:50 +0900] "GET /robots.txt HTTP/1.1" 404 216 "-" "Mozilla/5.0 (compatible; bingbot/2.0; +http://www.bing.com/bingbot.htm)"
207.46.13.89 - - [15/Oct/2010:05:44:58 +0900] "GET /robots.txt HTTP/1.1" 404 216 "-" "Mozilla/5.0 (compatible; bingbot/2.0; +http://www.bing.com/bingbot.htm)"
207.46.199.193 - - [15/Oct/2010:05:47:44 +0900] "GET /robots.txt HTTP/1.1" 404 216 "-" "msnbot/2.0b (+http://search.msn.com/msnbot.htm)"
207.46.204.182 - - [15/Oct/2010:05:55:14 +0900] "GET /shop/syousai/keishi.html HTTP/1.1" 404 230 "-" "msnbot/2.0b (+http://search.msn.com/msnbot.htm)"
207.46.13.89 - - [15/Oct/2010:05:59:07 +0900] "GET /shop/shop/syousai/kakacha.html HTTP/1.1" 404 236 "-" "msnbot/2.0b (+http://search.msn.com/msnbot.htm)"
119.235.237.139 - - [15/Oct/2010:06:10:54 +0900] "GET /robots.txt HTTP/1.1" 404 216 "-" "Yeti/1.0 (NHN Corp.; http://help.naver.com/robots/)"
208.115.111.243 - - [15/Oct/2010:06:12:34 +0900] "GET /robots.txt HTTP/1.1" 404 216 "-" "Mozilla/5.0 (compatible; DotBot/1.1; http://www.dotnetdotcom.org/, crawler@dotnetdotcom.org)"
207.241.227.85 - - [15/Oct/2010:06:12:46 +0900] "GET /robots.txt HTTP/1.1" 404 216 "-" "ia_archiver-web.archive.org"
219.208.92.39 - - [15/Oct/2010:06:15:28 +0900] "GET /shop/syousai/nama.html HTTP/1.1" 200 24209 "http://blog.livedoor.jp/otouwaki/" "Mozilla/4.0 (compatible; MSIE 8.0; Windows NT 5.1; Trident/4.0; .NET CLR 2.0.50727; .NET CLR 3.0.04506.30; .NET CLR 3.0.04506.648)"
66.249.67.111 - - [15/Oct/2010:06:18:39 +0900] "GET /shop/syousai/ato.html HTTP/1.1" 304 - "-" "Mozilla/5.0 (compatible; Googlebot/2.1; +http://www.google.com/bot.html)"
208.115.111.243 - - [15/Oct/2010:06:19:38 +0900] "GET /shop/syousai/atopitoa.html HTTP/1.1" 200 14804 "-" "Mozilla/5.0 (compatible; DotBot/1.1; http://www.dotnetdotcom.org/, crawler@dotnetdotcom.org)"
208.115.111.243 - - [15/Oct/2010:06:19:42 +0900] "GET /shop/syousai/baku.html HTTP/1.1" 200 17114 "-" "Mozilla/5.0 (compatible; DotBot/1.1; http://www.dotnetdotcom.org/, crawler@dotnetdotcom.org)"
208.115.111.243 - - [15/Oct/2010:06:19:47 +0900] "GET /shop/syousai/bihada.html HTTP/1.1" 200 10513 "-" "Mozilla/5.0 (compatible; DotBot/1.1; http://www.dotnetdotcom.org/, crawler@dotnetdotcom.org)"
208.115.111.243 - - [15/Oct/2010:06:19:52 +0900] "GET /shop/syousai/hena.html HTTP/1.1" 200 14993 "-" "Mozilla/5.0 (compatible; DotBot/1.1; http://www.dotnetdotcom.org/, crawler@dotnetdotcom.org)"
208.115.111.243 - - [15/Oct/2010:06:19:56 +0900] "GET /shop/syousai/heromon.html HTTP/1.1" 200 16704 "-" "Mozilla/5.0 (compatible; DotBot/1.1; http://www.dotnetdotcom.org/, crawler@dotnetdotcom.org)"
208.115.111.243 - - [15/Oct/2010:06:20:02 +0900] "GET /shop/syousai/juar.html HTTP/1.1" 200 19789 "-" "Mozilla/5.0 (compatible; DotBot/1.1; http://www.dotnetdotcom.org/, crawler@dotnetdotcom.org)"
208.115.111.243 - - [15/Oct/2010:06:20:07 +0900] "GET /shop/syousai/kakacha.html HTTP/1.1" 200 16462 "-" "Mozilla/5.0 (compatible; DotBot/1.1; http://www.dotnetdotcom.org/, crawler@dotnetdotcom.org)"
208.115.111.243 - - [15/Oct/2010:06:20:12 +0900] "GET /shop/syousai/kurimu.html HTTP/1.1" 200 11195 "-" "Mozilla/5.0 (compatible; DotBot/1.1; http://www.dotnetdotcom.org/, crawler@dotnetdotcom.org)"
208.115.111.243 - - [15/Oct/2010:06:20:17 +0900] "GET /shop/syousai/ouhi.html HTTP/1.1" 200 14553 "-" "Mozilla/5.0 (compatible; DotBot/1.1; http://www.dotnetdotcom.org/, crawler@dotnetdotcom.org)"
208.115.111.243 - - [15/Oct/2010:06:20:22 +0900] "GET /shop/syousai/rosehip.html HTTP/1.1" 200 20271 "-" "Mozilla/5.0 (compatible; DotBot/1.1; http://www.dotnetdotcom.org/, crawler@dotnetdotcom.org)"
67.195.113.242 - - [15/Oct/2010:06:25:38 +0900] "GET /shop/syousai/gerugeru.html HTTP/1.0" 200 29879 "-" "Mozilla/5.0 (compatible; Yahoo! Slurp/3.0; http://help.yahoo.com/help/us/ysearch/slurp)"
67.195.113.242 - - [15/Oct/2010:06:41:06 +0900] "GET /shop/syousai/110sen119.html HTTP/1.0" 200 14345 "-" "Mozilla/5.0 (compatible; Yahoo! Slurp/3.0; http://help.yahoo.com/help/us/ysearch/slurp)"
67.195.110.182 - - [15/Oct/2010:06:52:54 +0900] "GET /robots.txt HTTP/1.0" 404 204 "-" "Mozilla/5.0 (compatible; Yahoo! Slurp; http://help.yahoo.com/help/us/ysearch/slurp)"
67.195.110.182 - - [15/Oct/2010:06:52:55 +0900] "GET /colom/men.html HTTP/1.0" 200 19186 "-" "Mozilla/5.0 (compatible; Yahoo! Slurp/3.0; http://help.yahoo.com/help/us/ysearch/slurp)"
67.195.113.242 - - [15/Oct/2010:07:02:54 +0900] "GET /nom2.html HTTP/1.0" 200 7316 "-" "Mozilla/5.0 (compatible; Yahoo! Slurp/3.0; http://help.yahoo.com/help/us/ysearch/slurp)"
119.63.198.85 - - [15/Oct/2010:07:05:50 +0900] "GET /shop/syousai/fit.html HTTP/1.1" 404 227 "-" "Baiduspider+(+http://www.baidu.jp/spider/)"
92.243.84.23 - - [15/Oct/2010:07:10:55 +0900] "GET /site/spaw/spacer.gif HTTP/1.0" 404 214 "-" "Mozilla/4.0 (compatible; MSIE 6.0; Windows NT 5.1)"
207.46.13.48 - - [15/Oct/2010:07:21:53 +0900] "GET /robots.txt HTTP/1.1" 404 216 "-" "Mozilla/5.0 (compatible; bingbot/2.0; +http://www.bing.com/bingbot.htm)"
207.46.13.48 - - [15/Oct/2010:07:25:22 +0900] "GET / HTTP/1.1" 304 - "-" "msnbot/2.0b (+http://search.msn.com/msnbot.htm)"
66.249.67.111 - - [15/Oct/2010:07:27:23 +0900] "GET /shop/image/m1day.gif HTTP/1.1" 304 - "-" "Googlebot-Image/1.0"
207.46.12.238 - - [15/Oct/2010:07:42:42 +0900] "GET /robots.txt HTTP/1.1" 404 216 "-" "Mozilla/5.0 (compatible; bingbot/2.0; +http://www.bing.com/bingbot.htm)"
207.46.12.238 - - [15/Oct/2010:07:50:46 +0900] "GET /shop/shop/syousai/chiku.html HTTP/1.1" 404 234 "-" "msnbot/2.0b (+http://search.msn.com/msnbot.htm)"
65.52.108.60 - - [15/Oct/2010:08:03:19 +0900] "GET /shop/syousai/mesima.html HTTP/1.1" 304 - "-" "Mozilla/5.0 (compatible; bingbot/2.0; +http://www.bing.com/bingbot.htm)"
116.94.138.211 - - [15/Oct/2010:08:03:19 +0900] "GET / HTTP/1.1" 200 20992 "http://actyjapan33.com/" "Website Explorer/0.9.9.9"
67.195.113.242 - - [15/Oct/2010:08:20:09 +0900] "GET /shop/syousai/hena.html HTTP/1.0" 200 14993 "-" "Mozilla/5.0 (compatible; Yahoo! Slurp/3.0; http://help.yahoo.com/help/us/ysearch/slurp)"
207.46.13.93 - - [15/Oct/2010:08:23:13 +0900] "GET /shop2/senspa.html HTTP/1.1" 200 35806 "-" "msnbot/2.0b (+http://search.msn.com/msnbot.htm)"
207.46.199.180 - - [15/Oct/2010:08:23:19 +0900] "GET /robots.txt HTTP/1.1" 404 216 "-" "msnbot/2.0b (+http://search.msn.com/msnbot.htm)"
66.249.67.111 - - [15/Oct/2010:08:38:58 +0900] "GET /shop2/torikoro.html HTTP/1.1" 200 28120 "-" "Mozilla/5.0 (compatible; Googlebot/2.1; +http://www.google.com/bot.html)"
67.195.110.182 - - [15/Oct/2010:08:39:17 +0900] "GET /kaisya.html HTTP/1.0" 200 15844 "-" "Mozilla/5.0 (compatible; Yahoo! Slurp/3.0; http://help.yahoo.com/help/us/ysearch/slurp)"
67.195.110.182 - - [15/Oct/2010:08:39:18 +0900] "GET /hpb9tm05_2.css HTTP/1.0" 200 13304 "http://www.actyjapan33.com/kaisya.html" "Mozilla/5.0 (compatible; Yahoo! Slurp/3.0; http://help.yahoo.com/help/us/ysearch/slurp)"
207.46.204.241 - - [15/Oct/2010:08:47:52 +0900] "GET /shop/syousai/bsurim.html HTTP/1.1" 304 - "-" "msnbot/2.0b (+http://search.msn.com/msnbot.htm)"
121.82.213.10 - - [15/Oct/2010:08:50:37 +0900] "GET /shop/syousai/nama.html HTTP/1.1" 200 24209 "http://eonet.excite.co.jp/search.gw?look=eonetsearch%5Fjp&target=combined&search=%94D%90P%92%86%82%C9%94g%93%AE%91%AA%92%E8%8A%ED&FirstResult=10" "Mozilla/4.0 (compatible; MSIE 8.0; Windows NT 6.1; Trident/4.0; GTB0.0; SLCC2; .NET CLR 2.0.50727; .NET CLR 3.5.30729; .NET CLR 3.0.30729; Media Center PC 6.0)"
121.82.213.10 - - [15/Oct/2010:08:50:37 +0900] "GET /shop/image/namasyok.gif HTTP/1.1" 200 26387 "http://actyjapan33.com/shop/syousai/nama.html" "Mozilla/4.0 (compatible; MSIE 8.0; Windows NT 6.1; Trident/4.0; GTB0.0; SLCC2; .NET CLR 2.0.50727; .NET CLR 3.5.30729; .NET CLR 3.0.30729; Media Center PC 6.0)"
121.82.213.10 - - [15/Oct/2010:08:50:39 +0900] "GET /favicon.ico HTTP/1.1" 404 217 "-" "Mozilla/4.0 (compatible; MSIE 8.0; Windows NT 6.1; Trident/4.0; GTB0.0; SLCC2; .NET CLR 2.0.50727; .NET CLR 3.5.30729; .NET CLR 3.0.30729; Media Center PC 6.0)"
115.176.212.183 - - [15/Oct/2010:09:13:15 +0900] "GET /shop/syousai/soku.html HTTP/1.1" 200 13522 "http://search.yahoo.co.jp/search?p=%E6%9C%89%E9%99%90%E4%BC%9A%E7%A4%BE%E3%82%A2%E3%82%AF%E3%83%86%E3%82%A3%E3%80%80%E6%B8%AC%E5%AE%9A&aq=-1&oq=&ei=UTF-8&fr=top_ga1_sa&x=wrt" "Mozilla/4.0 (compatible; MSIE 7.0; Windows NT 6.0; Trident/4.0; GTB0.0; SLCC1; .NET CLR 2.0.50727; Media Center PC 5.0; .NET CLR 3.5.30729; .NET CLR 3.0.30729; .NET4.0C; OfficeLiveConnector.1.5; OfficeLivePatch.1.3)"
115.176.212.183 - - [15/Oct/2010:09:13:16 +0900] "GET /cgi-actyjapan33/wwwcount.cgi?hide+xxx.gif+name+wwwcount2 HTTP/1.1" 404 234 "http://actyjapan33.com/shop/syousai/soku.html" "Mozilla/4.0 (compatible; MSIE 8.0; Windows NT 6.0; Trident/4.0; GTB0.0; SLCC1; .NET CLR 2.0.50727; Media Center PC 5.0; .NET CLR 3.5.30729; .NET CLR 3.0.30729; .NET4.0C; OfficeLiveConnector.1.5; OfficeLivePatch.1.3)"
115.176.212.183 - - [15/Oct/2010:09:13:16 +0900] "GET /access_k/loging.cgi?Site=actylog&Contents=MIRS-\x83\xbf HTTP/1.1" 404 225 "http://actyjapan33.com/shop/syousai/soku.html" "Mozilla/4.0 (compatible; MSIE 8.0; Windows NT 6.0; Trident/4.0; GTB0.0; SLCC1; .NET CLR 2.0.50727; Media Center PC 5.0; .NET CLR 3.5.30729; .NET CLR 3.0.30729; .NET4.0C; OfficeLiveConnector.1.5; OfficeLivePatch.1.3)"
115.176.212.183 - - [15/Oct/2010:09:13:16 +0900] "GET /cgi-bin/anlog/logset.cgi?%94g%93%ae%91%aa%92%e8%8b%40,http://actyjapan33.com/shop/syousai/soku.html,http://search.yahoo.co.jp/search?p=%E6%9C%89%E9%99%90%E4%BC%9A%E7%A4%BE%E3%82%A2%E3%82%AF%E3%83%86%E3%82%A3%E3%80%80%E6%B8%AC%E5%AE%9A&aq=-1&oq=&ei=UTF-8&fr=top_ga1_sa&x=wrt HTTP/1.1" 404 230 "http://actyjapan33.com/shop/syousai/soku.html" "Mozilla/4.0 (compatible; MSIE 8.0; Windows NT 6.0; Trident/4.0; GTB0.0; SLCC1; .NET CLR 2.0.50727; Media Center PC 5.0; .NET CLR 3.5.30729; .NET CLR 3.0.30729; .NET4.0C; OfficeLiveConnector.1.5; OfficeLivePatch.1.3)"
115.176.212.183 - - [15/Oct/2010:09:13:16 +0900] "GET /favicon.ico HTTP/1.1" 404 217 "-" "Mozilla/4.0 (compatible; MSIE 8.0; Windows NT 6.0; Trident/4.0; GTB0.0; SLCC1; .NET CLR 2.0.50727; Media Center PC 5.0; .NET CLR 3.5.30729; .NET CLR 3.0.30729; .NET4.0C; OfficeLiveConnector.1.5; OfficeLivePatch.1.3)"
115.176.212.183 - - [15/Oct/2010:09:13:35 +0900] "GET /hadosoku/sokutei.html HTTP/1.1" 404 227 "http://actyjapan33.com/shop/syousai/soku.html" "Mozilla/4.0 (compatible; MSIE 8.0; Windows NT 6.0; Trident/4.0; GTB0.0; SLCC1; .NET CLR 2.0.50727; Media Center PC 5.0; .NET CLR 3.5.30729; .NET CLR 3.0.30729; .NET4.0C; OfficeLiveConnector.1.5; OfficeLivePatch.1.3)"
115.176.212.183 - - [15/Oct/2010:09:13:37 +0900] "GET /favicon.ico HTTP/1.1" 404 217 "-" "Mozilla/4.0 (compatible; MSIE 8.0; Windows NT 6.0; Trident/4.0; GTB0.0; SLCC1; .NET CLR 2.0.50727; Media Center PC 5.0; .NET CLR 3.5.30729; .NET CLR 3.0.30729; .NET4.0C; OfficeLiveConnector.1.5; OfficeLivePatch.1.3)"
115.176.212.183 - - [15/Oct/2010:09:13:38 +0900] "GET /cgi-actyjapan33/wwwcount.cgi?hide+xxx.gif+name+wwwcount2 HTTP/1.1" 404 234 "http://actyjapan33.com/shop/syousai/soku.html" "Mozilla/4.0 (compatible; MSIE 8.0; Windows NT 6.0; Trident/4.0; GTB0.0; SLCC1; .NET CLR 2.0.50727; Media Center PC 5.0; .NET CLR 3.5.30729; .NET CLR 3.0.30729; .NET4.0C; OfficeLiveConnector.1.5; OfficeLivePatch.1.3)"
115.176.212.183 - - [15/Oct/2010:09:13:38 +0900] "GET /cgi-bin/anlog/logset.cgi?%94g%93%ae%91%aa%92%e8%8b%40,http://actyjapan33.com/shop/syousai/soku.html,http://search.yahoo.co.jp/search?p=%E6%9C%89%E9%99%90%E4%BC%9A%E7%A4%BE%E3%82%A2%E3%82%AF%E3%83%86%E3%82%A3%E3%80%80%E6%B8%AC%E5%AE%9A&aq=-1&oq=&ei=UTF-8&fr=top_ga1_sa&x=wrt HTTP/1.1" 404 230 "http://actyjapan33.com/shop/syousai/soku.html" "Mozilla/4.0 (compatible; MSIE 8.0; Windows NT 6.0; Trident/4.0; GTB0.0; SLCC1; .NET CLR 2.0.50727; Media Center PC 5.0; .NET CLR 3.5.30729; .NET CLR 3.0.30729; .NET4.0C; OfficeLiveConnector.1.5; OfficeLivePatch.1.3)"
115.176.212.183 - - [15/Oct/2010:09:13:38 +0900] "GET /access_k/loging.cgi?Site=actylog&Contents=MIRS-\x83\xbf HTTP/1.1" 404 225 "http://actyjapan33.com/shop/syousai/soku.html" "Mozilla/4.0 (compatible; MSIE 8.0; Windows NT 6.0; Trident/4.0; GTB0.0; SLCC1; .NET CLR 2.0.50727; Media Center PC 5.0; .NET CLR 3.5.30729; .NET CLR 3.0.30729; .NET4.0C; OfficeLiveConnector.1.5; OfficeLivePatch.1.3)"
115.176.212.183 - - [15/Oct/2010:09:14:05 +0900] "GET /formzc/form.html HTTP/1.1" 200 17933 "http://actyjapan33.com/shop/syousai/soku.html" "Mozilla/4.0 (compatible; MSIE 8.0; Windows NT 6.0; Trident/4.0; GTB0.0; SLCC1; .NET CLR 2.0.50727; Media Center PC 5.0; .NET CLR 3.5.30729; .NET CLR 3.0.30729; .NET4.0C; OfficeLiveConnector.1.5; OfficeLivePatch.1.3)"
115.176.212.183 - - [15/Oct/2010:09:14:05 +0900] "GET /00log01.gif HTTP/1.1" 200 1350 "http://actyjapan33.com/formzc/form.html" "Mozilla/4.0 (compatible; MSIE 8.0; Windows NT 6.0; Trident/4.0; GTB0.0; SLCC1; .NET CLR 2.0.50727; Media Center PC 5.0; .NET CLR 3.5.30729; .NET CLR 3.0.30729; .NET4.0C; OfficeLiveConnector.1.5; OfficeLivePatch.1.3)"
115.176.212.183 - - [15/Oct/2010:09:14:05 +0900] "GET /formzc/c.gif HTTP/1.1" 404 218 "http://actyjapan33.com/formzc/form.html" "Mozilla/4.0 (compatible; MSIE 8.0; Windows NT 6.0; Trident/4.0; GTB0.0; SLCC1; .NET CLR 2.0.50727; Media Center PC 5.0; .NET CLR 3.5.30729; .NET CLR 3.0.30729; .NET4.0C; OfficeLiveConnector.1.5; OfficeLivePatch.1.3)"
115.176.212.183 - - [15/Oct/2010:09:14:05 +0900] "GET /formzc/hpb9tm05_2.css HTTP/1.1" 200 13276 "http://actyjapan33.com/formzc/form.html" "Mozilla/4.0 (compatible; MSIE 8.0; Windows NT 6.0; Trident/4.0; GTB0.0; SLCC1; .NET CLR 2.0.50727; Media Center PC 5.0; .NET CLR 3.5.30729; .NET CLR 3.0.30729; .NET4.0C; OfficeLiveConnector.1.5; OfficeLivePatch.1.3)"
115.176.212.183 - - [15/Oct/2010:09:14:05 +0900] "GET /formzc/05hr02.gif HTTP/1.1" 200 48 "http://actyjapan33.com/formzc/form.html" "Mozilla/4.0 (compatible; MSIE 8.0; Windows NT 6.0; Trident/4.0; GTB0.0; SLCC1; .NET CLR 2.0.50727; Media Center PC 5.0; .NET CLR 3.5.30729; .NET CLR 3.0.30729; .NET4.0C; OfficeLiveConnector.1.5; OfficeLivePatch.1.3)"
115.176.212.183 - - [15/Oct/2010:09:14:05 +0900] "GET /formzc/05subh02.gif HTTP/1.1" 200 467 "http://actyjapan33.com/formzc/form.html" "Mozilla/4.0 (compatible; MSIE 8.0; Windows NT 6.0; Trident/4.0; GTB0.0; SLCC1; .NET CLR 2.0.50727; Media Center PC 5.0; .NET CLR 3.5.30729; .NET CLR 3.0.30729; .NET4.0C; OfficeLiveConnector.1.5; OfficeLivePatch.1.3)"
115.176.212.183 - - [15/Oct/2010:09:14:18 +0900] "GET /formzc/c.gif HTTP/1.1" 404 218 "-" "Mozilla/4.0 (compatible; MSIE 8.0; Windows NT 6.0; Trident/4.0; GTB0.0; SLCC1; .NET CLR 2.0.50727; Media Center PC 5.0; .NET CLR 3.5.30729; .NET CLR 3.0.30729; .NET4.0C; OfficeLiveConnector.1.5; OfficeLivePatch.1.3)"
115.176.212.183 - - [15/Oct/2010:09:14:25 +0900] "GET /formzc/c.gif HTTP/1.1" 404 218 "-" "Mozilla/4.0 (compatible; MSIE 8.0; Windows NT 6.0; Trident/4.0; GTB0.0; SLCC1; .NET CLR 2.0.50727; Media Center PC 5.0; .NET CLR 3.5.30729; .NET CLR 3.0.30729; .NET4.0C; OfficeLiveConnector.1.5; OfficeLivePatch.1.3)"
115.176.212.183 - - [15/Oct/2010:09:14:49 +0900] "GET /cgi-actyjapan33/wwwcount.cgi?hide+xxx.gif+name+wwwcount2 HTTP/1.1" 404 234 "http://actyjapan33.com/shop/syousai/soku.html" "Mozilla/4.0 (compatible; MSIE 8.0; Windows NT 6.0; Trident/4.0; GTB0.0; SLCC1; .NET CLR 2.0.50727; Media Center PC 5.0; .NET CLR 3.5.30729; .NET CLR 3.0.30729; .NET4.0C; OfficeLiveConnector.1.5; OfficeLivePatch.1.3)"
115.176.212.183 - - [15/Oct/2010:09:14:49 +0900] "GET /access_k/loging.cgi?Site=actylog&Contents=MIRS-\x83\xbf HTTP/1.1" 404 225 "http://actyjapan33.com/shop/syousai/soku.html" "Mozilla/4.0 (compatible; MSIE 8.0; Windows NT 6.0; Trident/4.0; GTB0.0; SLCC1; .NET CLR 2.0.50727; Media Center PC 5.0; .NET CLR 3.5.30729; .NET CLR 3.0.30729; .NET4.0C; OfficeLiveConnector.1.5; OfficeLivePatch.1.3)"
115.176.212.183 - - [15/Oct/2010:09:14:49 +0900] "GET /cgi-bin/anlog/logset.cgi?%94g%93%ae%91%aa%92%e8%8b%40,http://actyjapan33.com/shop/syousai/soku.html,http://search.yahoo.co.jp/search?p=%E6%9C%89%E9%99%90%E4%BC%9A%E7%A4%BE%E3%82%A2%E3%82%AF%E3%83%86%E3%82%A3%E3%80%80%E6%B8%AC%E5%AE%9A&aq=-1&oq=&ei=UTF-8&fr=top_ga1_sa&x=wrt HTTP/1.1" 404 230 "http://actyjapan33.com/shop/syousai/soku.html" "Mozilla/4.0 (compatible; MSIE 8.0; Windows NT 6.0; Trident/4.0; GTB0.0; SLCC1; .NET CLR 2.0.50727; Media Center PC 5.0; .NET CLR 3.5.30729; .NET CLR 3.0.30729; .NET4.0C; OfficeLiveConnector.1.5; OfficeLivePatch.1.3)"
115.176.212.183 - - [15/Oct/2010:09:14:53 +0900] "GET /cgi-actyjapan33/wwwcount.cgi?hide+xxx.gif+name+wwwcount2 HTTP/1.1" 404 234 "-" "Mozilla/4.0 (compatible; MSIE 8.0; Windows NT 6.0; Trident/4.0; GTB0.0; SLCC1; .NET CLR 2.0.50727; Media Center PC 5.0; .NET CLR 3.5.30729; .NET CLR 3.0.30729; .NET4.0C; OfficeLiveConnector.1.5; OfficeLivePatch.1.3)"
115.176.212.183 - - [15/Oct/2010:09:14:54 +0900] "GET /access_k/loging.cgi?Site=actylog&Contents=MIRS-\x83\xbf HTTP/1.1" 404 225 "-" "Mozilla/4.0 (compatible; MSIE 8.0; Windows NT 6.0; Trident/4.0; GTB0.0; SLCC1; .NET CLR 2.0.50727; Media Center PC 5.0; .NET CLR 3.5.30729; .NET CLR 3.0.30729; .NET4.0C; OfficeLiveConnector.1.5; OfficeLivePatch.1.3)"
115.176.212.183 - - [15/Oct/2010:09:14:54 +0900] "GET /cgi-bin/anlog/logset.cgi?%94g%93%ae%91%aa%92%e8%8b%40,http://actyjapan33.com/shop/syousai/soku.html,http://search.yahoo.co.jp/search?p=%E6%9C%89%E9%99%90%E4%BC%9A%E7%A4%BE%E3%82%A2%E3%82%AF%E3%83%86%E3%82%A3%E3%80%80%E6%B8%AC%E5%AE%9A&aq=-1&oq=&ei=UTF-8&fr=top_ga1_sa&x=wrt HTTP/1.1" 404 230 "-" "Mozilla/4.0 (compatible; MSIE 8.0; Windows NT 6.0; Trident/4.0; GTB0.0; SLCC1; .NET CLR 2.0.50727; Media Center PC 5.0; .NET CLR 3.5.30729; .NET CLR 3.0.30729; .NET4.0C; OfficeLiveConnector.1.5; OfficeLivePatch.1.3)"
115.176.212.183 - - [15/Oct/2010:09:14:58 +0900] "GET /cgi-actyjapan33/wwwcount.cgi?hide+xxx.gif+name+wwwcount2 HTTP/1.1" 404 234 "-" "Mozilla/4.0 (compatible; MSIE 8.0; Windows NT 6.0; Trident/4.0; GTB0.0; SLCC1; .NET CLR 2.0.50727; Media Center PC 5.0; .NET CLR 3.5.30729; .NET CLR 3.0.30729; .NET4.0C; OfficeLiveConnector.1.5; OfficeLivePatch.1.3)"
115.176.212.183 - - [15/Oct/2010:09:14:58 +0900] "GET /access_k/loging.cgi?Site=actylog&Contents=MIRS-\x83\xbf HTTP/1.1" 404 225 "-" "Mozilla/4.0 (compatible; MSIE 8.0; Windows NT 6.0; Trident/4.0; GTB0.0; SLCC1; .NET CLR 2.0.50727; Media Center PC 5.0; .NET CLR 3.5.30729; .NET CLR 3.0.30729; .NET4.0C; OfficeLiveConnector.1.5; OfficeLivePatch.1.3)"
115.176.212.183 - - [15/Oct/2010:09:14:58 +0900] "GET /cgi-bin/anlog/logset.cgi?%94g%93%ae%91%aa%92%e8%8b%40,http://actyjapan33.com/shop/syousai/soku.html,http://search.yahoo.co.jp/search?p=%E6%9C%89%E9%99%90%E4%BC%9A%E7%A4%BE%E3%82%A2%E3%82%AF%E3%83%86%E3%82%A3%E3%80%80%E6%B8%AC%E5%AE%9A&aq=-1&oq=&ei=UTF-8&fr=top_ga1_sa&x=wrt HTTP/1.1" 404 230 "-" "Mozilla/4.0 (compatible; MSIE 8.0; Windows NT 6.0; Trident/4.0; GTB0.0; SLCC1; .NET CLR 2.0.50727; Media Center PC 5.0; .NET CLR 3.5.30729; .NET CLR 3.0.30729; .NET4.0C; OfficeLiveConnector.1.5; OfficeLivePatch.1.3)"
115.176.212.183 - - [15/Oct/2010:09:15:00 +0900] "GET /hadosoku/oper.html HTTP/1.1" 404 224 "http://actyjapan33.com/shop/syousai/soku.html" "Mozilla/4.0 (compatible; MSIE 8.0; Windows NT 6.0; Trident/4.0; GTB0.0; SLCC1; .NET CLR 2.0.50727; Media Center PC 5.0; .NET CLR 3.5.30729; .NET CLR 3.0.30729; .NET4.0C; OfficeLiveConnector.1.5; OfficeLivePatch.1.3)"
115.176.212.183 - - [15/Oct/2010:09:15:02 +0900] "GET /cgi-bin/anlog/logset.cgi?%94g%93%ae%91%aa%92%e8%8b%40,http://actyjapan33.com/shop/syousai/soku.html,http://search.yahoo.co.jp/search?p=%E6%9C%89%E9%99%90%E4%BC%9A%E7%A4%BE%E3%82%A2%E3%82%AF%E3%83%86%E3%82%A3%E3%80%80%E6%B8%AC%E5%AE%9A&aq=-1&oq=&ei=UTF-8&fr=top_ga1_sa&x=wrt HTTP/1.1" 404 230 "http://actyjapan33.com/shop/syousai/soku.html" "Mozilla/4.0 (compatible; MSIE 8.0; Windows NT 6.0; Trident/4.0; GTB0.0; SLCC1; .NET CLR 2.0.50727; Media Center PC 5.0; .NET CLR 3.5.30729; .NET CLR 3.0.30729; .NET4.0C; OfficeLiveConnector.1.5; OfficeLivePatch.1.3)"
115.176.212.183 - - [15/Oct/2010:09:15:02 +0900] "GET /access_k/loging.cgi?Site=actylog&Contents=MIRS-\x83\xbf HTTP/1.1" 404 225 "http://actyjapan33.com/shop/syousai/soku.html" "Mozilla/4.0 (compatible; MSIE 8.0; Windows NT 6.0; Trident/4.0; GTB0.0; SLCC1; .NET CLR 2.0.50727; Media Center PC 5.0; .NET CLR 3.5.30729; .NET CLR 3.0.30729; .NET4.0C; OfficeLiveConnector.1.5; OfficeLivePatch.1.3)"
115.176.212.183 - - [15/Oct/2010:09:15:02 +0900] "GET /cgi-actyjapan33/wwwcount.cgi?hide+xxx.gif+name+wwwcount2 HTTP/1.1" 404 234 "http://actyjapan33.com/shop/syousai/soku.html" "Mozilla/4.0 (compatible; MSIE 8.0; Windows NT 6.0; Trident/4.0; GTB0.0; SLCC1; .NET CLR 2.0.50727; Media Center PC 5.0; .NET CLR 3.5.30729; .NET CLR 3.0.30729; .NET4.0C; OfficeLiveConnector.1.5; OfficeLivePatch.1.3)"
115.176.212.183 - - [15/Oct/2010:09:15:03 +0900] "GET /shop/syousai/rei1.html HTTP/1.1" 200 8897 "http://actyjapan33.com/shop/syousai/soku.html" "Mozilla/4.0 (compatible; MSIE 8.0; Windows NT 6.0; Trident/4.0; GTB0.0; SLCC1; .NET CLR 2.0.50727; Media Center PC 5.0; .NET CLR 3.5.30729; .NET CLR 3.0.30729; .NET4.0C; OfficeLiveConnector.1.5; OfficeLivePatch.1.3)"
115.176.212.183 - - [15/Oct/2010:09:15:04 +0900] "GET /cgi-actyjapan33/wwwcount.cgi?hide+xxx.gif+name+wwwcount2 HTTP/1.1" 404 234 "http://actyjapan33.com/shop/syousai/rei1.html" "Mozilla/4.0 (compatible; MSIE 8.0; Windows NT 6.0; Trident/4.0; GTB0.0; SLCC1; .NET CLR 2.0.50727; Media Center PC 5.0; .NET CLR 3.5.30729; .NET CLR 3.0.30729; .NET4.0C; OfficeLiveConnector.1.5; OfficeLivePatch.1.3)"
115.176.212.183 - - [15/Oct/2010:09:15:04 +0900] "GET /access_k/loging.cgi?Site=actylog&Contents=MIRS-\x83\xbf_rei1 HTTP/1.1" 404 225 "http://actyjapan33.com/shop/syousai/rei1.html" "Mozilla/4.0 (compatible; MSIE 8.0; Windows NT 6.0; Trident/4.0; GTB0.0; SLCC1; .NET CLR 2.0.50727; Media Center PC 5.0; .NET CLR 3.5.30729; .NET CLR 3.0.30729; .NET4.0C; OfficeLiveConnector.1.5; OfficeLivePatch.1.3)"
115.176.212.183 - - [15/Oct/2010:09:15:04 +0900] "GET /shop/image/rei/rei1_1.jpg HTTP/1.1" 200 19830 "http://actyjapan33.com/shop/syousai/rei1.html" "Mozilla/4.0 (compatible; MSIE 8.0; Windows NT 6.0; Trident/4.0; GTB0.0; SLCC1; .NET CLR 2.0.50727; Media Center PC 5.0; .NET CLR 3.5.30729; .NET CLR 3.0.30729; .NET4.0C; OfficeLiveConnector.1.5; OfficeLivePatch.1.3)"
115.176.212.183 - - [15/Oct/2010:09:15:05 +0900] "GET /shop/image/rei/rei1_2.jpg HTTP/1.1" 200 49146 "http://actyjapan33.com/shop/syousai/rei1.html" "Mozilla/4.0 (compatible; MSIE 8.0; Windows NT 6.0; Trident/4.0; GTB0.0; SLCC1; .NET CLR 2.0.50727; Media Center PC 5.0; .NET CLR 3.5.30729; .NET CLR 3.0.30729; .NET4.0C; OfficeLiveConnector.1.5; OfficeLivePatch.1.3)"
115.176.212.183 - - [15/Oct/2010:09:15:05 +0900] "GET /shop/image/rei/rei1_3.jpg HTTP/1.1" 200 42650 "http://actyjapan33.com/shop/syousai/rei1.html" "Mozilla/4.0 (compatible; MSIE 8.0; Windows NT 6.0; Trident/4.0; GTB0.0; SLCC1; .NET CLR 2.0.50727; Media Center PC 5.0; .NET CLR 3.5.30729; .NET CLR 3.0.30729; .NET4.0C; OfficeLiveConnector.1.5; OfficeLivePatch.1.3)"
115.176.212.183 - - [15/Oct/2010:09:15:12 +0900] "GET /cgi-actyjapan33/wwwcount.cgi?hide+xxx.gif+name+wwwcount2 HTTP/1.1" 404 234 "http://actyjapan33.com/shop/syousai/soku.html" "Mozilla/4.0 (compatible; MSIE 8.0; Windows NT 6.0; Trident/4.0; GTB0.0; SLCC1; .NET CLR 2.0.50727; Media Center PC 5.0; .NET CLR 3.5.30729; .NET CLR 3.0.30729; .NET4.0C; OfficeLiveConnector.1.5; OfficeLivePatch.1.3)"
115.176.212.183 - - [15/Oct/2010:09:15:12 +0900] "GET /access_k/loging.cgi?Site=actylog&Contents=MIRS-\x83\xbf HTTP/1.1" 404 225 "http://actyjapan33.com/shop/syousai/soku.html" "Mozilla/4.0 (compatible; MSIE 8.0; Windows NT 6.0; Trident/4.0; GTB0.0; SLCC1; .NET CLR 2.0.50727; Media Center PC 5.0; .NET CLR 3.5.30729; .NET CLR 3.0.30729; .NET4.0C; OfficeLiveConnector.1.5; OfficeLivePatch.1.3)"
115.176.212.183 - - [15/Oct/2010:09:15:12 +0900] "GET /cgi-bin/anlog/logset.cgi?%94g%93%ae%91%aa%92%e8%8b%40,http://actyjapan33.com/shop/syousai/soku.html,http://search.yahoo.co.jp/search?p=%E6%9C%89%E9%99%90%E4%BC%9A%E7%A4%BE%E3%82%A2%E3%82%AF%E3%83%86%E3%82%A3%E3%80%80%E6%B8%AC%E5%AE%9A&aq=-1&oq=&ei=UTF-8&fr=top_ga1_sa&x=wrt HTTP/1.1" 404 230 "http://actyjapan33.com/shop/syousai/soku.html" "Mozilla/4.0 (compatible; MSIE 8.0; Windows NT 6.0; Trident/4.0; GTB0.0; SLCC1; .NET CLR 2.0.50727; Media Center PC 5.0; .NET CLR 3.5.30729; .NET CLR 3.0.30729; .NET4.0C; OfficeLiveConnector.1.5; OfficeLivePatch.1.3)"
67.195.113.242 - - [15/Oct/2010:09:23:07 +0900] "GET /magajin.html HTTP/1.0" 200 18263 "-" "Mozilla/5.0 (compatible; Yahoo! Slurp/3.0; http://help.yahoo.com/help/us/ysearch/slurp)"
58.87.213.91 - - [15/Oct/2010:09:33:25 +0900] "GET /shop2/00log01.gif HTTP/1.1" 200 1350 "http://actyjapan33.com/shop2/senbody.html" "Mozilla/5.0 (Macintosh; U; Intel Mac OS X 10_5_8; ja-jp) AppleWebKit/533.18.1 (KHTML, like Gecko) Version/5.0.2 Safari/533.18.5"
58.87.213.91 - - [15/Oct/2010:09:33:26 +0900] "GET /shop2/image/senseibody.jpg HTTP/1.1" 200 9352 "http://actyjapan33.com/shop2/senbody.html" "Mozilla/5.0 (Macintosh; U; Intel Mac OS X 10_5_8; ja-jp) AppleWebKit/533.18.1 (KHTML, like Gecko) Version/5.0.2 Safari/533.18.5"
58.87.213.91 - - [15/Oct/2010:09:33:26 +0900] "GET /shop2/senbody.html HTTP/1.1" 200 33378 "http://www.google.co.jp/search?hl=ja&source=hp&biw=1322&bih=699&q=%E3%82%BB%E3%83%B3%E3%82%BB%E3%82%A4%E3%82%B7%E3%83%A3+%E3%83%A1%E3%83%87%E3%82%A3%E3%83%86%E3%82%A4%E3%82%B7%E3%83%A7%E3%83%B3%E3%83%9C%E3%83%87%E3%82%A3%E3%82%AA%E3%82%A4%E3%83%AB&btnG=Google+%E6%A4%9C%E7%B4%A2&aq=f&aqi=&aql=&oq=&gs_rfai=" "Mozilla/5.0 (Macintosh; U; Intel Mac OS X 10_5_8; ja-jp) AppleWebKit/533.18.1 (KHTML, like Gecko) Version/5.0.2 Safari/533.18.5"
58.87.213.91 - - [15/Oct/2010:09:33:26 +0900] "GET /shop2/hpb9tm05_2.css HTTP/1.1" 200 13276 "http://actyjapan33.com/shop2/senbody.html" "Mozilla/5.0 (Macintosh; U; Intel Mac OS X 10_5_8; ja-jp) AppleWebKit/533.18.1 (KHTML, like Gecko) Version/5.0.2 Safari/533.18.5"
58.87.213.91 - - [15/Oct/2010:09:33:26 +0900] "GET /shop2/c.gif HTTP/1.1" 404 217 "http://actyjapan33.com/shop2/senbody.html" "Mozilla/5.0 (Macintosh; U; Intel Mac OS X 10_5_8; ja-jp) AppleWebKit/533.18.1 (KHTML, like Gecko) Version/5.0.2 Safari/533.18.5"
58.87.213.91 - - [15/Oct/2010:09:33:26 +0900] "GET /image/shi.jpg HTTP/1.1" 200 15920 "http://actyjapan33.com/shop2/senbody.html" "Mozilla/5.0 (Macintosh; U; Intel Mac OS X 10_5_8; ja-jp) AppleWebKit/533.18.1 (KHTML, like Gecko) Version/5.0.2 Safari/533.18.5"
58.87.213.91 - - [15/Oct/2010:09:33:26 +0900] "GET /shop2/image/manda.jpg HTTP/1.1" 200 4224 "http://actyjapan33.com/shop2/senbody.html" "Mozilla/5.0 (Macintosh; U; Intel Mac OS X 10_5_8; ja-jp) AppleWebKit/533.18.1 (KHTML, like Gecko) Version/5.0.2 Safari/533.18.5"
58.87.213.91 - - [15/Oct/2010:09:33:26 +0900] "GET /shop2/image/aman.jpg HTTP/1.1" 200 2555 "http://actyjapan33.com/shop2/senbody.html" "Mozilla/5.0 (Macintosh; U; Intel Mac OS X 10_5_8; ja-jp) AppleWebKit/533.18.1 (KHTML, like Gecko) Version/5.0.2 Safari/533.18.5"
58.87.213.91 - - [15/Oct/2010:09:33:26 +0900] "GET /shop2/image/arira.jpg HTTP/1.1" 200 2200 "http://actyjapan33.com/shop2/senbody.html" "Mozilla/5.0 (Macintosh; U; Intel Mac OS X 10_5_8; ja-jp) AppleWebKit/533.18.1 (KHTML, like Gecko) Version/5.0.2 Safari/533.18.5"
58.87.213.91 - - [15/Oct/2010:09:33:26 +0900] "GET /image/mail7.gif HTTP/1.1" 200 899 "http://actyjapan33.com/shop2/senbody.html" "Mozilla/5.0 (Macintosh; U; Intel Mac OS X 10_5_8; ja-jp) AppleWebKit/533.18.1 (KHTML, like Gecko) Version/5.0.2 Safari/533.18.5"
58.87.213.91 - - [15/Oct/2010:09:33:26 +0900] "GET /shop2/image/senbody1.jpg HTTP/1.1" 200 27637 "http://actyjapan33.com/shop2/senbody.html" "Mozilla/5.0 (Macintosh; U; Intel Mac OS X 10_5_8; ja-jp) AppleWebKit/533.18.1 (KHTML, like Gecko) Version/5.0.2 Safari/533.18.5"
58.87.213.91 - - [15/Oct/2010:09:33:26 +0900] "GET /shop2/05hr02.gif HTTP/1.1" 200 48 "http://actyjapan33.com/shop2/senbody.html" "Mozilla/5.0 (Macintosh; U; Intel Mac OS X 10_5_8; ja-jp) AppleWebKit/533.18.1 (KHTML, like Gecko) Version/5.0.2 Safari/533.18.5"
58.87.213.91 - - [15/Oct/2010:09:33:26 +0900] "GET /shop2/05subh02.gif HTTP/1.1" 200 467 "http://actyjapan33.com/shop2/senbody.html" "Mozilla/5.0 (Macintosh; U; Intel Mac OS X 10_5_8; ja-jp) AppleWebKit/533.18.1 (KHTML, like Gecko) Version/5.0.2 Safari/533.18.5"
58.87.213.91 - - [15/Oct/2010:09:33:26 +0900] "GET /favicon.ico HTTP/1.1" 404 217 "http://actyjapan33.com/shop2/senbody.html" "Mozilla/5.0 (Macintosh; U; Intel Mac OS X 10_5_8; ja-jp) AppleWebKit/533.18.1 (KHTML, like Gecko) Version/5.0.2 Safari/533.18.5"
67.195.113.242 - - [15/Oct/2010:09:43:11 +0900] "GET /shop/syousai/baku.html HTTP/1.0" 200 17114 "-" "Mozilla/5.0 (compatible; Yahoo! Slurp/3.0; http://help.yahoo.com/help/us/ysearch/slurp)"
208.115.111.243 - - [15/Oct/2010:09:47:27 +0900] "GET /robots.txt HTTP/1.1" 404 216 "-" "Mozilla/5.0 (compatible; DotBot/1.1; http://www.dotnetdotcom.org/, crawler@dotnetdotcom.org)"
208.115.111.243 - - [15/Oct/2010:09:47:27 +0900] "GET /robots.txt HTTP/1.1" 404 216 "-" "Mozilla/5.0 (compatible; DotBot/1.1; http://www.dotnetdotcom.org/, crawler@dotnetdotcom.org)"
67.195.110.182 - - [15/Oct/2010:09:52:28 +0900] "GET /dairiten.html HTTP/1.0" 200 15400 "-" "Mozilla/5.0 (compatible; Yahoo! Slurp/3.0; http://help.yahoo.com/help/us/ysearch/slurp)"
208.115.111.243 - - [15/Oct/2010:09:54:10 +0900] "GET /had.html HTTP/1.1" 200 21303 "-" "Mozilla/5.0 (compatible; DotBot/1.1; http://www.dotnetdotcom.org/, crawler@dotnetdotcom.org)"
208.115.111.243 - - [15/Oct/2010:09:54:14 +0900] "GET /info.html HTTP/1.1" 200 12208 "-" "Mozilla/5.0 (compatible; DotBot/1.1; http://www.dotnetdotcom.org/, crawler@dotnetdotcom.org)"
208.115.111.243 - - [15/Oct/2010:09:54:18 +0900] "GET /shop/syousai/bsurim.html HTTP/1.1" 200 22715 "-" "Mozilla/5.0 (compatible; DotBot/1.1; http://www.dotnetdotcom.org/, crawler@dotnetdotcom.org)"
208.115.111.243 - - [15/Oct/2010:09:54:23 +0900] "GET /shop/syousai/chiku.html HTTP/1.1" 200 13796 "-" "Mozilla/5.0 (compatible; DotBot/1.1; http://www.dotnetdotcom.org/, crawler@dotnetdotcom.org)"
208.115.111.243 - - [15/Oct/2010:09:54:28 +0900] "GET /shop/syousai/embellir.html HTTP/1.1" 200 28461 "-" "Mozilla/5.0 (compatible; DotBot/1.1; http://www.dotnetdotcom.org/, crawler@dotnetdotcom.org)"
208.115.111.243 - - [15/Oct/2010:09:54:33 +0900] "GET /shop/syousai/macha.html HTTP/1.1" 200 31717 "-" "Mozilla/5.0 (compatible; DotBot/1.1; http://www.dotnetdotcom.org/, crawler@dotnetdotcom.org)"
208.115.111.243 - - [15/Oct/2010:09:54:38 +0900] "GET /shop/syousai/seken.html HTTP/1.1" 200 12348 "-" "Mozilla/5.0 (compatible; DotBot/1.1; http://www.dotnetdotcom.org/, crawler@dotnetdotcom.org)"
208.115.111.243 - - [15/Oct/2010:09:54:43 +0900] "GET /shop2/senbody.html HTTP/1.1" 200 33378 "-" "Mozilla/5.0 (compatible; DotBot/1.1; http://www.dotnetdotcom.org/, crawler@dotnetdotcom.org)"
208.115.111.243 - - [15/Oct/2010:09:54:48 +0900] "GET /shop2/senseise.html HTTP/1.1" 200 34958 "-" "Mozilla/5.0 (compatible; DotBot/1.1; http://www.dotnetdotcom.org/, crawler@dotnetdotcom.org)"
208.115.111.243 - - [15/Oct/2010:09:54:53 +0900] "GET /yybbs/yybbs.cgi HTTP/1.1" 404 221 "-" "Mozilla/5.0 (compatible; DotBot/1.1; http://www.dotnetdotcom.org/, crawler@dotnetdotcom.org)"
207.46.12.240 - - [15/Oct/2010:10:00:32 +0900] "GET /robots.txt HTTP/1.1" 404 216 "-" "Mozilla/5.0 (compatible; bingbot/2.0; +http://www.bing.com/bingbot.htm)"
61.44.250.196 - - [15/Oct/2010:10:05:34 +0900] "GET /favicon.ico HTTP/1.1" 404 217 "http://www.google.co.jp/search?sourceid=navclient&hl=ja&ie=UTF-8&rlz=1T4RNWN_jaJP312JP313&q=%e3%82%b3%e3%82%a6%e3%83%99%e3%83%9e%e3%83%b3%e3%83%86%e3%82%a4%e3%82%ac%e3%80%80%e8%b3%bc%e5%85%a5" "Mozilla/4.0 (compatible; MSIE 8.0; Windows NT 5.1; Trident/4.0; YTB730; GTB6.5; .NET CLR 1.0.3705; .NET CLR 1.1.4322; .NET CLR 2.0.50727; .NET CLR 3.0.4506.2152; .NET CLR 3.5.30729; YJSG3)"
66.249.68.209 - - [15/Oct/2010:10:11:26 +0900] "GET /robots.txt HTTP/1.1" 404 216 "-" "Mozilla/5.0 (compatible; Googlebot/2.1; +http://www.google.com/bot.html)"
66.249.68.209 - - [15/Oct/2010:10:11:26 +0900] "GET / HTTP/1.1" 304 - "-" "Mozilla/5.0 (compatible; Googlebot/2.1; +http://www.google.com/bot.html)"
207.46.12.240 - - [15/Oct/2010:10:13:58 +0900] "GET /dairiten.html HTTP/1.1" 304 - "-" "Mozilla/5.0 (compatible; bingbot/2.0; +http://www.bing.com/bingbot.htm)"
121.2.69.161 - - [15/Oct/2010:10:29:50 +0900] "GET /shop/image/mirs.jpg HTTP/1.1" 200 7588 "http://pedipo.jp/search:%E6%B3%A2%E5%8B%95" "Mozilla/5.0 (Macintosh; U; Intel Mac OS X 10_6_4; ja-jp) AppleWebKit/533.18.1 (KHTML, like Gecko) Version/5.0.2 Safari/533.18.5"
72.14.202.81 - - [15/Oct/2010:10:38:08 +0900] "GET /shop/syousai/mirs.html HTTP/1.1" 200 15070 "-" "Mozilla/5.0 (en-us) AppleWebKit/525.13 (KHTML, like Gecko; Google Wireless Transcoder) Version/3.1 Safari/525.13"
72.14.202.85 - - [15/Oct/2010:10:38:08 +0900] "GET /access_k/loging.cgi?Site=actylog&Contents=MIRS-%CE%B1 HTTP/1.1" 404 225 "http://actyjapan33.com/shop/syousai/mirs.html" "Mozilla/5.0 (en-us) AppleWebKit/525.13 (KHTML, like Gecko; Google Wireless Transcoder) Version/3.1 Safari/525.13"
74.125.152.81 - - [15/Oct/2010:10:38:08 +0900] "GET /cgi-actyjapan33/wwwcount.cgi?hide+xxx.gif+name+wwwcount2 HTTP/1.1" 404 234 "http://actyjapan33.com/shop/syousai/mirs.html" "Mozilla/5.0 (en-us) AppleWebKit/525.13 (KHTML, like Gecko; Google Wireless Transcoder) Version/3.1 Safari/525.13"
72.14.202.86 - - [15/Oct/2010:10:38:08 +0900] "GET /shop/image/mirs.jpg HTTP/1.1" 200 7588 "http://actyjapan33.com/shop/syousai/mirs.html" "Mozilla/5.0 (en-us) AppleWebKit/525.13 (KHTML, like Gecko; Google Wireless Transcoder) Version/3.1 Safari/525.13"
74.125.152.80 - - [15/Oct/2010:10:38:47 +0900] "GET /shop/syousai/rei1.html HTTP/1.1" 200 8897 "-" "Mozilla/5.0 (en-us) AppleWebKit/525.13 (KHTML, like Gecko; Google Wireless Transcoder) Version/3.1 Safari/525.13"
72.14.202.83 - - [15/Oct/2010:10:38:48 +0900] "GET /access_k/loging.cgi?Site=actylog&Contents=MIRS-%CE%B1_rei1 HTTP/1.1" 404 225 "http://actyjapan33.com/shop/syousai/rei1.html" "Mozilla/5.0 (en-us) AppleWebKit/525.13 (KHTML, like Gecko; Google Wireless Transcoder) Version/3.1 Safari/525.13"
